Dec 03 10:13:22.112 INFO testing gob-0.1.0 against master#8940af3cea4a9a9deabcaf843b2f8cad9a83fc61 for beta-1.31-5
Dec 03 10:13:22.112 INFO running `"docker" "create" "-v" "/mnt/big/crater/work/local/target-dirs/beta-1.31-5/worker-4/master#8940af3cea4a9a9deabcaf843b2f8cad9a83fc61:/target:rw,Z" "-v" "/mnt/big/crater/work/local/test-source/worker-4/beta-1.31-5/master#8940af3cea4a9a9deabcaf843b2f8cad9a83fc61:/source:ro,Z" "-v" "/mnt/big/crater/work/local/cargo-home:/cargo-home:ro,Z" "-v" "/mnt/big/crater/work/local/rustup-home:/rustup-home:ro,Z" "-e" "USER_ID=1000" "-e" "SOURCE_DIR=/source" "-e" "USER_ID=1000" "-e" "CMD=cargo +8940af3cea4a9a9deabcaf843b2f8cad9a83fc61-alt build --frozen" "-e" "CARGO_TARGET_DIR=/target" "-e" "CARGO_INCREMENTAL=0" "-e" "RUST_BACKTRACE=full" "-e" "RUSTFLAGS=--cap-lints=warn" "-e" "CARGO_HOME=/cargo-home" "-e" "RUSTUP_HOME=/rustup-home" "-m" "1536M" "--network" "none" "crater"`
Dec 03 10:13:22.547 INFO [stdout] a0aac483d55afa4d7d9b8a407d80c910cc491ec704e49b32da61e57d8f8c35d4
Dec 03 10:13:22.551 INFO running `"docker" "start" "-a" "a0aac483d55afa4d7d9b8a407d80c910cc491ec704e49b32da61e57d8f8c35d4"`
Dec 03 10:13:23.546 INFO [stderr] usermod: no changes
Dec 03 10:13:23.687 INFO [stderr]    Compiling serde_schema v0.0.1
Dec 03 10:13:23.687 INFO [stderr]    Compiling serde_derive_internals v0.23.1
Dec 03 10:13:31.863 INFO [stderr]    Compiling serde_schema_derive v0.0.1
Dec 03 10:13:37.130 INFO [stderr]    Compiling gob v0.1.0 (/source)
Dec 03 10:13:41.391 INFO [stderr]     Finished dev [unoptimized + debuginfo] target(s) in 17.81s
Dec 03 10:13:41.398 INFO [stderr] su: No module specific data is present
Dec 03 10:13:41.841 INFO running `"docker" "inspect" "a0aac483d55afa4d7d9b8a407d80c910cc491ec704e49b32da61e57d8f8c35d4"`
Dec 03 10:13:42.073 INFO running `"docker" "rm" "-f" "a0aac483d55afa4d7d9b8a407d80c910cc491ec704e49b32da61e57d8f8c35d4"`
Dec 03 10:13:42.292 INFO [stdout] a0aac483d55afa4d7d9b8a407d80c910cc491ec704e49b32da61e57d8f8c35d4
Dec 03 10:13:42.294 INFO running `"docker" "create" "-v" "/mnt/big/crater/work/local/target-dirs/beta-1.31-5/worker-4/master#8940af3cea4a9a9deabcaf843b2f8cad9a83fc61:/target:rw,Z" "-v" "/mnt/big/crater/work/local/test-source/worker-4/beta-1.31-5/master#8940af3cea4a9a9deabcaf843b2f8cad9a83fc61:/source:ro,Z" "-v" "/mnt/big/crater/work/local/cargo-home:/cargo-home:ro,Z" "-v" "/mnt/big/crater/work/local/rustup-home:/rustup-home:ro,Z" "-e" "USER_ID=1000" "-e" "SOURCE_DIR=/source" "-e" "USER_ID=1000" "-e" "CMD=cargo +8940af3cea4a9a9deabcaf843b2f8cad9a83fc61-alt test --frozen --no-run" "-e" "CARGO_TARGET_DIR=/target" "-e" "CARGO_INCREMENTAL=0" "-e" "RUST_BACKTRACE=full" "-e" "RUSTFLAGS=--cap-lints=warn" "-e" "CARGO_HOME=/cargo-home" "-e" "RUSTUP_HOME=/rustup-home" "-m" "1536M" "--network" "none" "crater"`
Dec 03 10:13:42.524 INFO [stdout] 61251d0d7ac29393a209fcce42a58e57b995a258d32c238cea6bdbeeaf93bd94
Dec 03 10:13:42.528 INFO running `"docker" "start" "-a" "61251d0d7ac29393a209fcce42a58e57b995a258d32c238cea6bdbeeaf93bd94"`
Dec 03 10:13:43.070 INFO [stderr] usermod: no changes
Dec 03 10:13:43.179 INFO [stderr]    Compiling partial-io v0.3.0
Dec 03 10:13:45.352 INFO [stderr]    Compiling gob v0.1.0 (/source)
Dec 03 10:13:49.060 INFO [stderr] error[E0277]: the trait bound `serde_bytes::Bytes<'_>: serde_schema::SchemaSerialize` is not satisfied
Dec 03 10:13:49.060 INFO [stderr]    --> tests/ser.rs:279:16
Dec 03 10:13:49.060 INFO [stderr]     |
Dec 03 10:13:49.060 INFO [stderr] 279 |         stream.serialize(&Bytes::new(&[])).unwrap();
Dec 03 10:13:49.060 INFO [stderr]     |                ^^^^^^^^^ the trait `serde_schema::SchemaSerialize` is not implemented for `serde_bytes::Bytes<'_>`
Dec 03 10:13:49.060 INFO [stderr] 
Dec 03 10:13:49.060 INFO [stderr] error[E0277]: the trait bound `serde_bytes::Bytes<'_>: serde_schema::SchemaSerialize` is not satisfied
Dec 03 10:13:49.060 INFO [stderr]    --> tests/ser.rs:289:16
Dec 03 10:13:49.060 INFO [stderr]     |
Dec 03 10:13:49.060 INFO [stderr] 289 |         stream.serialize(&Bytes::new(&[1, 2, 3, 4])).unwrap();
Dec 03 10:13:49.060 INFO [stderr]     |                ^^^^^^^^^ the trait `serde_schema::SchemaSerialize` is not implemented for `serde_bytes::Bytes<'_>`
Dec 03 10:13:49.060 INFO [stderr] 
Dec 03 10:13:49.167 INFO [stderr] error[E0277]: the trait bound `serde_bytes::Bytes<'_>: serde_schema::SchemaSerialize` is not satisfied
Dec 03 10:13:49.167 INFO [stderr]    --> tests/ser.rs:544:16
Dec 03 10:13:49.167 INFO [stderr]     |
Dec 03 10:13:49.167 INFO [stderr] 544 |         stream.serialize::<Option<Bytes>>(&None).unwrap();
Dec 03 10:13:49.167 INFO [stderr]     |                ^^^^^^^^^ the trait `serde_schema::SchemaSerialize` is not implemented for `serde_bytes::Bytes<'_>`
Dec 03 10:13:49.167 INFO [stderr]     |
Dec 03 10:13:49.167 INFO [stderr]     = note: required because of the requirements on the impl of `serde_schema::SchemaSerialize` for `std::option::Option<serde_bytes::Bytes<'_>>`
Dec 03 10:13:49.167 INFO [stderr] 
Dec 03 10:13:49.167 INFO [stderr] error[E0277]: the trait bound `serde_bytes::Bytes<'_>: serde_schema::SchemaSerialize` is not satisfied
Dec 03 10:13:49.167 INFO [stderr]    --> tests/ser.rs:563:16
Dec 03 10:13:49.167 INFO [stderr]     |
Dec 03 10:13:49.167 INFO [stderr] 563 |         stream.serialize(&Some(Bytes::new(&[0x1, 0x2]))).unwrap();
Dec 03 10:13:49.167 INFO [stderr]     |                ^^^^^^^^^ the trait `serde_schema::SchemaSerialize` is not implemented for `serde_bytes::Bytes<'_>`
Dec 03 10:13:49.167 INFO [stderr]     |
Dec 03 10:13:49.167 INFO [stderr]     = note: required because of the requirements on the impl of `serde_schema::SchemaSerialize` for `std::option::Option<serde_bytes::Bytes<'_>>`
Dec 03 10:13:49.167 INFO [stderr] 
Dec 03 10:13:49.175 INFO [stderr] error: aborting due to 4 previous errors
Dec 03 10:13:49.175 INFO [stderr] 
Dec 03 10:13:49.175 INFO [stderr] For more information about this error, try `rustc --explain E0277`.
Dec 03 10:13:49.182 INFO [stderr] error: Could not compile `gob`.
Dec 03 10:13:49.182 INFO [stderr] warning: build failed, waiting for other jobs to finish...
Dec 03 10:13:53.626 INFO [stderr] error: build failed
Dec 03 10:13:53.626 INFO [stderr] su: No module specific data is present
Dec 03 10:13:53.978 INFO running `"docker" "inspect" "61251d0d7ac29393a209fcce42a58e57b995a258d32c238cea6bdbeeaf93bd94"`
Dec 03 10:13:54.077 INFO running `"docker" "rm" "-f" "61251d0d7ac29393a209fcce42a58e57b995a258d32c238cea6bdbeeaf93bd94"`
Dec 03 10:13:54.198 INFO [stdout] 61251d0d7ac29393a209fcce42a58e57b995a258d32c238cea6bdbeeaf93bd94
